*f + 2 - f + 3*f + 5*f. Determine v(-2).
-6
Let r(l) = -2*l - 1. Let y be r(-4). Let k(i) = 3 - 4*i + 0*i - y + 3*i. Let g be 25 - 21 - 6*1. What is k(g)?
-2
Let k(c) = -7*c + 8. Let t(d) = -12*d + 16. Let i(l) = 5*k(l) - 3*t(l). Calculate i(-6).
-14
Let u(f) = -7*f - 9. Let n(q) = 2*q + 3. Let k(g) = -13*n(g) - 4*u(g). What is k(4)?
5
Let l(i) = 28*i + 126 - 37*i - i**2 - 127. What is l(-8)?
7
Let k(p) = 15*p - 19691*p**2 + 2*p - 15 + 19690*p**2. Calculate k(16).
1
Let b(f) be the third derivative of f**4/24 + 2*f**3/3 + 753*f**2. Let l(q) = q**2 - 5*q + 2. Let u be l(2). Calculate b(u).
0
Let n(f) = -f**2 - 186 - 178 + 2*f + 547 - 178. Give n(-4).
-19
Let k be 2/(-8) - (-1)/4. Suppose k = -2*d - 5 + 1. Let m(b) = 5*b + 3. Calculate m(d).
-7
Let r be 0 + 1 + -4 - 3. Let p(h) = -2*h**2 - 13*h - 8. What is p(r)?
-2
Let q(l) = 16*l - 35. Let w(t) = t - 1. Let f(v) = -q(v) + 8*w(v). Calculate f(6).
-21
Let s(h) = -h**2. Let f = -265 - -267. Give s(f).
-4
Let n = -16 - -19. Let o be 2/(14/(-6) + n). Let q(s) = 0 + 7 + s - 5*s**2 - 5 + 4*s**2. Calculate q(o).
-4
Let l(b) = -5*b + 2*b**2 - 6*b**2 + 4 + 5*b**2. Suppose 3*d + 5*r - 10 = 2, -20 = -5*d - 3*r. Suppose 0*t + 15 = 4*q - 5*t, 2*t - 22 = -d*q. Calculate l(q).
4
Let g be -5*((-2)/3)/((-6)/(-27)). Let n(m) = -m**2 + 14*m + 19. Give n(g).
4
Let p = -111 - -22. Let r = 78 + p. Let v(u) = u**3 + 11*u**2 + u + 15. What is v(r)?
4
Let h(x) be the third derivative of x**4/4 - 5*x**3 - 26*x**2 - 6. Determine h(5).
0
Let d = -62 + 64. Let z(f) = -f - 3*f - 3*f**d + 5*f + 2*f. Give z(2).
-6
Let p(v) be the first derivative of -v**4/4 + v**3 - 2*v**2 + 3*v - 22. Give p(3).
-9
Let p(a) = -a + 36. Let i(b) = b + 5. Let s(x) = 3*i(x) - p(x). What is s(9)?
15
Let o(u) = u**3 - 7*u**2 - 6*u - 11. Let d be (120/(-9))/(-5)*3. Let l be o(d). Let y(g) = -g**3 + 6*g**2 - 8*g + 7. Give y(l).
-8
Let q(y) = 2*y**2 - 12*y. Let c(o) = o**2 - 12*o - 1. Let g(i) = 3*c(i) - 2*q(i). What is g(-10)?
17
Let d = -91 + 59. Let s be d/12*(-6)/4. Let a(i) = s*i - 4*i - 2*i + 0 - i**2 + 5. Calculate a(-4).
-3
Let n(u) = -159 - 164 - 162 + u**2 + 504. Give n(0).
19
Let o(h) = -3*h + 2*h**2 - 34 + h**3 + 32 - 2*h + 4*h + 0*h. Determine o(-3).
-8
Let s(u) = 4*u**2 - 3 - 419*u + 421*u - 5 + 3. What is s(-4)?
51
Suppose -u - 6 = -0*u. Suppose -4*s + 0*s + 164 = 0. Let q(h) = s*h**2 + 9 + 2*h - 35*h**2 - 1 + h**3. Give q(u).
-4
Let i(z) = z - 4. Let a(c) = -c - 4. Let d be a(-12). Let r = -4 + d. Calculate i(r).
0
Let c = 2155 - 2151. Let j(p) = -p**3 - 2*p**2 - 5*p + 7*p**2 + p**2 - 1. Give j(c).
11
Let d(q) = q**2 - 6*q - 3. Let k = 4 - -8. Suppose 0 = 4*b - 0*b - k. Suppose 0 = -b*v - v + 16. What is d(v)?
-11
Suppose 3*y - a - 8 = 0, 4*y - 1 = 2*a + 11. Let p(r) = -4*r**y - 6*r**2 + 12*r**2 - 4*r - 1 + 3*r. Suppose -8 = -2*w + 6*w. Calculate p(w).
9
Let c(s) = -31*s + 15 + 8*s + 22*s - 9. Give c(7).
-1
Let l(c) = -c**3 + 6*c**2 - 5*c - 4. Let f(x) = x**2 - 6*x - 35. Let r be f(10). Calculate l(r).
-4
Let f(z) = z**2 - 5*z - 2. Let x(l) = -l - 3. Let v be x(-3). Let y(j) = -8*j - 23*j + 6*j**2 + v*j - 10 + 7*j. Let u(q) = -11*f(q) + 2*y(q). Calculate u(-5).
-8
Let w(s) = s**2 - s - 2. Let q(x) = -x**2 + x + 2. Let l(h) = -3*q(h) - 4*w(h). Determine l(2).
0
Let l(c) be the first derivative of 9*c**2/2 - 7*c - 388. Calculate l(-6).
-61
Let w(c) = 3*c**2 + 7 + 3*c - c**3 + 6*c**2 - 4*c - c**2. Let y(m) = 11*m**2 - 2*m + 1. Let d be y(1). Suppose -2*b + 6 + d = 0. Give w(b).
-1
Let k(o) = 5*o + 5. Suppose -7*p = 2*h - 2*p + 25, -4*h - 3*p - 29 = 0. Give k(h).
-20
Let u(d) = -2*d. Let p be (2 + -148)*(-5)/(-10). Let c = p - -71. Determine u(c).
4
Let u = -18 - -21. Let t(v) = -7 + v**2 + 3*v + 6*v - u*v. What is t(-6)?
-7
Let i(h) be the second derivative of -2*h**4/3 + h**2/2 + 2*h. Let r(n) = -n**2 + 21*n + 12. Let l be r(24). Let d = 59 + l. Calculate i(d).
-7
Let u = 34 + -17. Let y(t) = 3*t - 54. Let p be y(u). Let v(s) = s**2 + 2*s + 2. Give v(p).
5
Let u(b) = -24 + 11*b + 3*b - 5*b + 4*b - 7*b. Calculate u(5).
6
Let x = -41 + 38. Let n be x - (-6 + 5) - (7 + -1). Let o(k) = 4*k + 4 - 6*k + 3*k. Determine o(n).
-4
Let p(r) = 5*r + 3*r - 9*r. Determine p(2).
-2
Let b(f) = 3*f**2 - f - 1. Let u be (11 - 2)*1 + -2. Let n = u - 9. Let h be (2/n)/(2 + -1). Determine b(h).
3
Suppose z + 11 = 15, 2*z = 2*l + 12. Let v(f) = 3*f**2 + 2*f - 1. Determine v(l).
7
Let x(t) be the third derivative of -t**5/60 + 5*t**4/24 - t**3/2 + 6*t**2. Let d(h) = -2*h**2 + 6*h - 3. Let y(o) = -2*d(o) + 3*x(o). Give y(2).
7
Let j(d) = -11*d**3 - 10*d**2 + 32*d - 13. Let t(f) = -5*f**3 - 5*f**2 + 15*f - 6. Let x(r) = -6*j(r) + 13*t(r). Calculate x(4).
-4
Suppose -6*n = -3*n + 15. Let p(w) = w - 4. Give p(n).
-9
Let f(d) = 0*d - 3*d + d + 5. Suppose -69 + 14 = -11*y. Give f(y).
-5
Let v(t) = 29*t - 12*t - 4*t**2 + 3 - 2 - 5 - 1. What is v(4)?
-1
Suppose 0 = 2*w + 4*p - 26, -2*p - 1 = -2*w - p. Let x(s) = 155*s - 162*s + 4 + 7*s**2 - 1 + s**w. Give x(-8).
-5
Let g = 5/266 - 17/7980. Let f(b) be the third derivative of 0*b - 9*b**2 - 1/24*b**4 + g*b**5 - 5/6*b**3 + 0. What is f(0)?
-5
Suppose -14 = 98*x - 93*x + 4*n, 5*n + 11 = -3*x. Let i(l) = 6*l**2 + 4*l + 4. What is i(x)?
20
Let y(z) be the first derivative of 1 + 5*z - 3*z**2 + 1/3*z**3. Suppose -5*g + 15 = -2*g. Calculate y(g).
0
Let s(q) = 4 + 2*q**2 + 17*q - 4 + 17. Let l(w) = -w**2 - 9*w - 9. Let n(m) = -7*l(m) - 4*s(m). What is n(-5)?
-5
Let b(v) = -16*v + 1. Let w(d) = -35*d + 2. Let h(g) = 9*b(g) - 4*w(g). Let j = -2 - -3. Calculate h(j).
-3
Let i(f) = 11*f - 5. Let z(x) = -27*x + 12. Let u(b) = 12*i(b) + 5*z(b). Let y = -449 - -450. Determine u(y).
-3
Let l be (8/(-14))/((-11)/77). Let c be -3 + l + 2*-2. Let h(b) = b**2 - b + 3. Give h(c).
15
Suppose 0 = -4*p - 3 - 9. Let m(f) = 5*f**2 - f - 2*f**2 - 2*f**3 + 2*f**3 + f**3. Give m(p).
3
Suppose 3*a - 149 + 24 = -5*f, 4*a - 5*f = 225. Let n = a + -56. Let s(p) = p. Calculate s(n).
-6
Let c be ((-4)/14)/(4/(-28)). Let h(r) = 3*r - 2*r - c*r. Give h(0).
0
Suppose 16*m + 8 = 18*m. Let z(y) = -y**3 + 5*y**2 - 7*y + 4. Calculate z(m).
-8
Let t(f) be the first derivative of -f**3/3 + 9*f**2/2 + 4*f - 3. Let y(j) = 2*j**3 + 19*j**2 - 13*j - 23. Let r be y(-10). What is t(r)?
18
Suppose 4*f + 2*o - 18 = 4*o, -4*o = -4*f + 24. Let y = -33 + 70. Let p(j) = 38*j + 11*j**f - y*j - 1 + 1 - 1. What is p(1)?
11
Let v(c) = -c**3 + 3 - 7*c**2 - 6*c + 3 - 5. Determine v(-6).
1
Suppose -2*f - 4*h - 17 + 5 = 0, -2*f = -3*h - 16. Let n be f*(-4 + (0 - -2)). Let z(i) be the first derivative of i**3/3 + 5*i**2/2 + 4*i + 1. Determine z(n).
0
Let k(y) be the third derivative of -y**6/120 + y**5/10 + 7*y**4/24 + 4*y**3/3 + 6*y**2 - 2. Give k(7).
8
Let k(v) = -v**2 + 8*v + 2. Let b be k(9). Let c(n) be the third derivative of -n**6/120 - 7*n**5/60 + n**4/12 + n**3 - 14*n**2. Determine c(b).
-8
Suppose g + 4*g - 20 = 0, -2*f - 4*g = -62. Suppose -h - 2*r - f = 3*r, -h - 7 = r. Let c(i) = 0*i**2 - i**2 - 3*i + 0*i**2 - 2. Give c(h).
-2
Let z(l) = 4*l + 2. Let a(y) = y**2 - 13*y + 46. Let c be a(7). Give z(c).
18
Let p(m) = -m**3 + 6*m**2 - 6*m. Let v(o) = 4*o + 35. Let i be v(-17). Let n = i - -38. Determine p(n).
-5
Let k(w) = w**2 + 3*w - 8. Let r be k(-5). Let c be 6 + -2 + -1*(r - 0). Let q(m) = -2*m**2 + 2*m. Let y(t) = -t**2 + t. Let u(h) = 2*q(h) - 3*y(h). Give u(c).
-2
Let x(w) = 2*w**3 - 5*w**2 - 2*w + 1. Let h be 3/6 - (-2)/(4/3). Let d(u) = u**3 - 5*u**2 - u + 1. Let t(y) = h*x(y) - 3*d(y). What is t(-5)?
4
Let w be (-1 + 1)/(8 - 12). Let a(b) = 2*b - b**3 + w*b**3 + 6*b**2 - 12*b + 5 + 5*b. Determine a(5).
5
Let x(p) = p**3 + 3*p**2 - 2*p - 2. Suppose -5*r + 4*f + 6 + 7 = 0, 2*f = 5*r - 9. Suppose -r = 9*d + 26. What is x(d)?
4
Let q(f) = 13*f + 1. Let r(m) = 7*m + 1. Let s(c) = 4*q(c) - 7*r(c). Let b(v) = -v. Let y(d) = -4*b(d) - s(d). Determine y(0).
3
Let m(s) = 4*s**2 - 2*s. Let n = 460 - 458. What is m(n)?
12
Let a(d) = -d**2 - 6*d. Suppose -5*t + 19 + 11 = 0. Let q be 14/t + 1/(-3). Suppose -5*k + q*k - 12 = 0, 0 = -4*l - 2*k - 36. Calculate a(l).
-7
Let l(d) = -19*d - 33. Let q(h) = -14*h - 22. Let u(f) = 5*l(f) - 7*q(f). Give u(9).
16
Let p(x) = -4 - 8*x + 2 + 10*x. Let z be p(2). Let v(r) = -6*r - 4 + 1 - r**3 + 8*r**z + 4 - r. Determine v(7).
1
Let c 